 5*l = o + 5. Suppose 6*i = 2*i + 416. Suppose o*y - i = -2*y. Calculate the highest common factor of 65 and y.
13
Let m be 14/(112/12030) - 2/(-8). Calculate the greatest common factor of 47 and m.
47
Let x(q) = 25*q + 35. Let s be x(-5). Let o = s - -108. What is the greatest common divisor of o and 126?
18
Suppose -f - 3*f = 0. Let q(n) = -n - 5. Let v be q(-7). Suppose v*u - 16 = -0*y - 5*y, -y + 5*u - 13 = f. Calculate the highest common factor of y and 18.
2
Let t = -33 + 33. Suppose -5*a + 240 = -t*a. What is the highest common factor of a and 6?
6
Suppose 9*p + 3 = -6. Let t be (-7)/((2/(-4) + 1)/p). Calculate the greatest common divisor of t and 70.
14
Suppose w + 5*i = -1, -7 = 4*w + 4*i - 67. What is the highest common factor of w and 19?
19
Let u be (-2 + -5)*-10*1. Let d be ((-27)/2)/(23/(-46)) + -3 + 4. Calculate the highest common divisor of d and u.
14
Suppose 5*d + 5*j = 65, d - 20 = 4*j + 3. Calculate the greatest common divisor of 24 and d.
3
Let j = 168 - 112. Calculate the greatest common divisor of j and 1792.
56
Let u = -3 - 0. Let n be (0 + -77)*15/u. Calculate the highest common factor of 35 and n.
35
Let g be -3*(4 - 5 - -2). Let c = -1 - g. Let v be 7 + 0 + -2 + 1. Calculate the greatest common factor of c and v.
2
Let q be (1716/16)/(15/40). What is the highest common divisor of 110 and q?
22
Let a(l) = 2*l**3 - 5*l**2 + 4*l - 8. Let w be a(4). Let h be (2/2)/(-5 + (-72)/(-14)). Calculate the highest common factor of w and h.
7
Let a = 442 - 292. What is the greatest common divisor of a and 400?
50
Suppose 0 = -22*q + 39455 + 23553. What is the greatest common factor of q and 16?
16
Let l = 71 + -51. What is the greatest common factor of l and 580?
20
Suppose 4*f - 197 - 125 = -2*n, -5*n + 15 = 0. Calculate the highest common divisor of 711 and f.
79
Let x be (-1 - -1)/(4/(-2)). Suppose x = -j + 8 + 11. Suppose 80*w = 24*w + 1064. What is the greatest common factor of w and j?
19
Let b(l) = 10*l - 2. Let o be b(2). Let s be (-8120)/(-50) - 4/10. Calculate the highest common factor of s and o.
18
Let f be (-3)/(-7) + 375/105. Suppose -7*t + f*t = -27. What is the highest common divisor of t and 45?
9
Let h be ((-10)/4)/((-20)/48*3). Let z(w) = 31*w**3 + w**2 - 2*w + 4. Let a be z(h). What is the greatest common factor of 36 and a?
36
Suppose -126 = -16*n + 10*n. Calculate the highest common factor of n and 84.
21
Let w be -1*(-3 - -4 - -8). Let i be (-190)/30*w/3. What is the greatest common divisor of i and 190?
19
Let w(j) = -j**2 - 11*j. Let b be w(-5). Suppose -24 = -3*f + b. Calculate the greatest common divisor of 6 and f.
6
Let j be (-18)/(-81) - 1*(-644)/18. What is the highest common divisor of 156 and j?
12
Let h be 10/(-2)*(-4)/5. Suppose 2*r + 2*m - 24 = r, m = -4*r + 82. Calculate the greatest common factor of r and h.
4
Suppose 8*v + 4 = 10*v. Suppose -v*u = -57 - 23. What is the greatest common divisor of u and 5?
5
Let t = -46 - -102. Let d = t + -17. What is the greatest common divisor of d and 273?
39
Let r = 1 - 1. Suppose -3*j + t + 4 = r, -5*t = -4*j + 9*j - 20. Calculate the greatest common factor of j and 3.
1
Suppose 4487 - 167 = 5*n. Calculate the greatest common factor of n and 54.
54
Let q = -49 + 51. Suppose 3*d - 654 = -2*x, 0 = -q*d + 7*d - 2*x - 1074. What is the greatest common divisor of 24 and d?
24
Suppose 27 - 42 = -5*f. What is the greatest common factor of f and 1?
1
Let j = 87 - -237. What is the greatest common divisor of 81 and j?
81
Let d = 8 + -6. Let a = -23 + 8. Let w = a + 23. Calculate the greatest common factor of d and w.
2
Suppose 2*o = 6 + 18. Suppose 884 = 28*k - 787 - 1017. What is the greatest common factor of k and o?
12
Let j be (-81)/4 + 3 + 3/(-4). Let q = j + 72. What is the highest common factor of q and 27?
27
Let h(c) be the first derivative of 8*c**3/3 + c**2/2 - 4*c - 4. Let p be h(-3). Suppose -4*i - p = -317. What is the highest common divisor of i and 9?
9
Let w be (-1 + -2)/(4 + -3). Let q be -1 + (w - -93) - -1. Calculate the highest common factor of q and 10.
10
Let p be 11/77 + (-1174)/(-14). What is the greatest common divisor of p and 105?
21
Suppose 0 = -50*r - 625 + 2425. Let w(i) = i - 6. Let q be w(-7). Let m = -9 - q. Calculate the greatest common factor of m and r.
4
Let w = 401 + -82. Calculate the greatest common divisor of 11 and w.
11
Suppose -4*a + 5*n = 12, -12*a - 5*n = -17*a - 10. Calculate the greatest common factor of a and 28.
2
Let r = -551 - -623. Calculate the highest common factor of r and 666.
18
Let s be (0 - 3)*1/6*-2. Let b be 93*(-3)/(-9) + s. Calculate the highest common factor of b and 352.
32
Suppose 10*z - 5*z = 0. Suppose z = 3*r + 13 - 58. Calculate the highest common divisor of 45 and r.
15
Suppose 64*f - 45022 = -11422. What is the highest common divisor of f and 25?
25
Let y = -2890 - -2920. What is the greatest common factor of y and 24?
6
Let l be 6 + (-2 - 4) + (15 - -18). Let x(q) = q**3 - 5*q**2 + q + 6. Let y be x(5). Calculate the highest common divisor of l and y.
11
Let a(t) = 41*t + 241. Let q be a(-5). What is the greatest common factor of q and 30?
6
Let k be 1/3*(18 + 0). Let z be 3 + (k - (-8)/(-4)). What is the highest common factor of 42 and z?
7
Let z = 23 - 20. Suppose 2 = -o - 4*v, 0*o - 2 = o - z*v. Let b be o + (-3 - -3) + 13. What is the highest common factor of 121 and b?
11
Suppose 183 + 237 = -4*r. Let o = r - -154. What is the highest common divisor of 7 and o?
7
Let y be 3/((72/855)/8). What is the greatest common factor of 60 and y?
15
Let i(a) = -16*a**3 - 16*a - 40. Let m be i(-3). What is the greatest common divisor of m and 80?
40
Let z be 0 + 1 + (-5 - -4). Suppose -13 = -5*k + o, -2*k + z*o = -o - 4. Let f = 28 + -1. Calculate the highest common factor of k and f.
3
Let c(k) = 2*k**2 - 7*k - 8. Let x(h) = -4*h + 70. Let y be x(16). Let o be c(y). What is the highest common factor of 77 and o?
11
Suppose -1909 + 259 = -3*p. What is the highest common factor of 88 and p?
22
Let l = 120 + -71. What is the greatest common divisor of l and 784?
49
Suppose -150 = -6*h - 78. What is the highest common divisor of 156 and h?
12
Let f(z) = 296*z - 5. Let k(i) = -889*i + 15. Let u(n) = 8*f(n) + 3*k(n). Let s be u(-1). What is the greatest common factor of s and 38?
38
Suppose -2*z = 4*z - 462. Calculate the greatest common divisor of 77 and z.
77
Let p(h) = 8*h + 1. Let c be p(2). Suppose -31*d + 449 = -28*d - 2*x, 5*x + 434 = 3*d. What is the greatest common divisor of c and d?
17
Let s(q) be the second derivative of q**5/20 - 5*q**4/12 - 2*q**3/3 - 5*q. Let a be s(6). Suppose -l - 3*l = -a. What is the greatest common divisor of 3 and l?
3
Suppose -167 = -5*g + 508. Calculate the greatest common divisor of 15 and g.
15
Let d = 43 - 17. Let t = 16 - 32. Let o = d + t. Calculate the highest common divisor of o and 110.
10
Suppose 13*c = 8*c + 15. Suppose 2*r - 1 - 3 = 0. What is the highest common divisor of c and r?
1
Let a be (-3)/24 - (-483)/24. Calculate the greatest common factor of a and 740.
20
Let b be ((-2)/6)/((-4)/144). Suppose -4*c = b, -5*c + 108 = -5*g + 453. Calculate the highest common factor of 99 and g.
33
Suppose 2 = 2*k - 5*c, 0 = -2*k + 2*c - 3 + 5. Let m be 22/(-121) - 180/(-22). What is the greatest common divisor of k and m?
1
Let d be (3/75*10)/(2/25). Calculate the greatest common factor of 235 and d.
5
Let l = 159 - 147. What is the highest common factor of 18 and l?
6
Suppose 0 = -9*x + 6*x + 294. Calculate the highest common divisor of x and 84.
14
Suppose 0 = 4*b - 321 - 179. Suppose -5*n + 0*n = -b. Suppose 0*p - 3*p = -30. What is the highest common divisor of n and p?
5
Let k = -387 - -412. Calculate the highest common divisor of 475 and k.
25
Suppose 4*w - z + 16 = 49, -5*z = -4*w + 21. Let j(f) = 4*f - 2. Let q be j(2). Suppose -q*v + 3*v = -27. Calculate the greatest common factor of w and v.
9
Suppose 0 = -2*o + 92 + 148. Let w be (28 - (3 - 3)) + -4. Calculate the greatest common factor of w and o.
24
Let c = -21 + 25. Let p(h) = -h**2 + 7*h - 5. Let s be p(c). Let r be (-7)/(3/(-6)*2). What is the greatest common divisor of r and s?
7
Suppose 55 = 38*d - 35*d + n, 0 = 5*d + 3*n - 93. Calculate the greatest common factor of d and 30.
6
Let b(z) =